9555?
5, 47673911
List the prime factors of 5224941659.
7, 746420237
What are the prime factors of 41968411?
59, 711329
List the prime factors of 53131270.
2, 5, 59, 90053
What are the prime factors of 151433870?
2, 5, 7, 2163341
List the prime factors of 587643403.
17, 83, 416473
List the prime factors of 1132359811.
11, 102941801
What are the prime factors of 110507120?
2, 5, 53, 67, 389
List the prime factors of 2964480553.
17, 797, 218797
List the prime factors of 58623592.
2, 7327949
List the prime factors of 2127557693.
1601, 1328893
What are the prime factors of 146440680?
2, 3, 5, 193, 6323
List the prime factors of 120716027.
120716027
What are the prime factors of 65888821?
17, 227989
List the prime factors of 54009713.
3511, 15383
List the prime factors of 3767968351.
7, 103, 379, 13789
What are the prime factors of 137035204?
2, 34258801
List the prime factors of 25051818.
2, 3, 11, 379573
What are the prime factors of 45036852?
2, 3, 7, 23, 23311
List the prime factors of 3211715893.
257, 12496949
What are the prime factors of 256741873?
256741873
List the prime factors of 13171883.
19, 693257
What are the prime factors of 2161789988?
2, 733, 737309
What are the prime factors of 169864958?
2, 8191, 10369
List the prime factors of 2147915960.
2, 5, 53697899
List the prime factors of 95269502.
2, 47634751
What are the prime factors of 2503153704?
2, 3, 104298071
What are the prime factors of 5203099494?
2, 3, 289061083
List the prime factors of 2394126025.
5, 95765041
List the prime factors of 4752228247.
13, 89, 4107371
What are the prime factors of 64467341?
3361, 19181
What are the prime factors of 1097961178?
2, 16561, 33149
What are the prime factors of 48104199?
3, 11, 13, 4153
List the prime factors of 16771700.
2, 5, 11, 79, 193
List the prime factors of 45229977.
3, 13, 131, 227
List the prime factors of 53955920.
2, 5, 674449
List the prime factors of 45643371.
3, 15214457
List the prime factors of 366892520.
2, 5, 283, 32411
List the prime factors of 944484904.
2, 11, 1553, 6911
What are the prime factors of 524571164?
2, 13, 163, 199, 311
List the prime factors of 1383614204.
2, 7, 71, 223, 3121
What are the prime factors of 14948381?
7, 305069
What are the prime factors of 1253200488?
2, 3, 52216687
What are the prime factors of 162385875?
3, 5, 19, 71, 107
List the prime factors of 1013731783.
1013731783
List the prime factors of 983181646.
2, 83, 5922781
What are the prime factors of 74123466?
2, 3, 727, 16993
What are the prime factors of 70056954?
2, 3, 11, 59, 1999
What are the prime factors of 24320828?
2, 7, 269, 3229
What are the prime factors of 2731956139?
11, 113, 2197873
What are the prime factors of 58672071?
3, 73, 89303
List the prime factors of 65682991.
11, 73, 157, 521
List the prime factors of 100005845.
5, 31, 193, 3343
What are the prime factors of 1316388217?
17, 83, 932947
What are the prime factors of 307132707?
3, 7, 29, 504323
List the prime factors of 28614436.
2, 43, 166363
List the prime factors of 188422865.
5, 83, 454031
What are the prime factors of 2175517546?
2, 463, 2349371
What are the prime factors of 86878086?
2, 3, 14479681
What are the prime factors of 338143807?
12569, 26903
List the prime factors of 1326928573.
1326928573
What are the prime factors of 77155844?
2, 1811, 10651
What are the prime factors of 876111601?
876111601
What are the prime factors of 155691040?
2, 5, 973069
List the prime factors of 1454923637.
617, 733, 3217
What are the prime factors of 3091206989?
13, 1069, 222437
What are the prime factors of 215416275?
3, 5, 23, 47, 2657
What are the prime factors of 50003143?
50003143
What are the prime factors of 129936396?
2, 3, 10828033
List the prime factors of 133293171.
3, 11, 1721, 2347
List the prime factors of 167897240.
2, 5, 7, 23, 29, 31
What are the prime factors of 239152493?
239152493
List the prime factors of 85310635.
5, 61, 279707
What are the prime factors of 560704936?
2, 11, 31, 205537
What are the prime factors of 4022159436?
2, 3, 137, 271841
What are the prime factors of 141195758?
2, 11, 23, 263, 1061
List the prime factors of 97110955.
5, 131, 173, 857
What are the prime factors of 141846389?
141846389
List the prime factors of 307414141.
3727, 82483
What are the prime factors of 107667100?
2, 5, 1076671
What are the prime factors of 2108949461?
2108949461
List the prime factors of 3449504893.
3449504893
List the prime factors of 184936901.
184936901
List the prime factors of 94528720.
2, 5, 11, 13, 8263
What are the prime factors of 88641762?
2, 3, 11, 1343057
What are the prime factors of 1503907477?
3209, 468653
List the prime factors of 279706197.
3, 23, 59, 127, 541
What are the prime factors of 355423202?
2, 177711601
What are the prime factors of 295489782?
2, 3, 7, 260573
What are the prime factors of 200099529?
3, 7, 211, 15053
What are the prime factors of 539494696?
2, 13, 5187449
What are the prime factors of 591716784?
2, 3, 331, 37243
What are the prime factors of 38109937?
17, 277, 8093
What are the prime factors of 1736871739?
1736871739
List the prime factors of 1316909607.
3, 13, 17, 1986289
What are the prime factors of 110421555?
3, 5, 7361437
What are the prime factors of 1651681513?
7993, 206641
What are the prime factors of 541019659?
541019659
List the prime factors of 960060815.
5, 7, 53, 517553
What are the prime factors of 5464473192?
2, 3, 34703
What are the prime factors of 651366270?
2, 3, 5, 1283, 5641
What are the prime factors of 11834780?
2, 5, 591739
List the prime factors of 2259843461.
127, 17794043
What are the prime factors of 348520602?
2, 3, 137, 423991
What are the prime factors of 46208845?
5, 41, 53, 4253
List the prime factors of 9840046.
2, 4920023
What are the prime factors of 2122147438?
2, 43, 3109, 7937
What are the prime factors of 511696454?
2, 1277, 200351
What are the prime factors of 124046347?
359, 345533
What are the prime factors of 154513599?
3, 3571, 14423
List the prime factors of 456594079.
67, 271, 25147
What are the prime factors of 652335913?
23, 89, 318679
What are the prime factors of 3480304926?
2, 3, 7, 41, 2021083
List the prime factors of 310065658.
2, 7, 31, 421, 1697
List the prime factors of 574778386.
2, 7, 13, 19, 359, 463
What are the prime factors of 159503586?
2, 3, 11, 2416721
List the prime factors of 51283991.
11, 4662181
List the prime factors of 85846253.
37, 2320169
List the prime factors of 126896025.
3, 5, 29, 41, 1423
What are the prime factors of 1888140266?
2, 37, 67, 229, 1663
List the prime factors of 54214238.
2, 13, 61, 34183
List the prime factors of 23812446.
2, 3, 7, 566963
List the prime factors of 25018228.
2, 523, 11959
What are the prime factors of 89428780?
2, 5, 7, 47, 13591
What are the prime factors of 685468156?
2, 31, 67, 82507
List the prime factors of 92892611.
7, 13270373
List the prime factors of 16087218.
2, 3, 7, 383029
List the prime factors of 1221590539.
13, 17, 181, 30539
List the prime factors of 174200684.
2, 7, 888779
What are the prime factors of 227801590?
2, 5, 97, 234847
List the prime factors of 17907640.
2, 5, 53, 8447
What are the prime factors of 1694649124?
2, 7, 1235167
List the prime factors of 1910159277.
3, 13, 48978443
What are the prime factors of 93387435?
3, 5, 6225829
What are the prime factors of 1057319365?
5, 151, 1400423
What are the prime factors of 645191145?
3, 5, 1489, 9629
What are the prime factors of 156035437?
379, 411703
What are the prime factors of 7765509744?
2, 3, 179, 233, 431
List the prime factors of 1527284486.
2, 7, 13, 19, 441667
List the prime factors of 546415743.
3, 53, 3436577
List the prime factors of 101571915.
3, 5, 263, 25747
What are the prime factors of 108138184?
2, 7, 11, 15959
What are the prime factors of 389454329?
11, 359, 98621
List the prime factors of 1392687443.
7, 881, 225829
What are the prime factors of 3735820259?
3735820259
What are the prime factors of 50558824?
2, 457, 13829
List the prime factors of 490166831.
7, 11, 17, 22027
List the prime factors of 320927627.
320927627
What are the prime factors of 4683131810?
2, 5, 7, 37, 163, 11093
List the prime factors of 82031273.
17, 4825369
What are the prime factors of 534665060?
2, 5, 31, 53, 307
List the 